2)/3*(-33)/2.
11
Suppose -249 = -5*j + g - 0*g, 5*j + 4*g - 254 = 0. Let w = j - 31. List the prime factors of w.
19
Suppose -h = -0*h - 3*y - 1, 5*h - 39 = -2*y. Suppose -f + h + 18 = -2*l, l = -3*f + 54. List the prime factors of f.
19
Suppose 57 = 3*i - 3*r, -105 = -3*i - 2*i + 3*r. Suppose h + 3*h = b + 20, -5*h = -b - i. What are the prime factors of h?
2
Suppose 5*c + 217 = 2*j, 5*c - 119 = -j + 4*c. List the prime factors of j.
2, 29
Let b(m) = 8*m - 12 - 12*m + 5*m. Let s be b(9). List the prime factors of 3/s + 3*4.
11
Let x(w) = -w**3 - 7*w**2 - 8*w - 10. List the prime factors of x(-6).
2
Let d = 135 + 55. What are the prime factors of d?
2, 5, 19
Let o(a) = 3*a**2. Let s be o(-1). Suppose -3*x + 2*p = -s*p - 86, 4*p - 104 = -4*x. What are the prime factors of x?
3
Let i = -2 + 5. Suppose -z - i = 1. What are the prime factors of 8/2*z/(-2)?
2
Suppose -52 = 5*z + 218. What are the prime factors of (z/7)/((-3)/21)?
2, 3
Let q(p) = -p**3 - 5*p**2 - 4*p + 1. Let o be q(-5). Suppose -2*z - o = -3*z. List the prime factors of z.
3, 7
Let q(z) = -z**2 + 6*z + 2*z**2 + 0 + 3 + 2. Let f(d) = -3*d - 1. Let b be f(2). What are the prime factors of q(b)?
2, 3
Suppose 54 = 5*r - 206. What are the prime factors of (-4)/12 - r/(-3)?
17
Suppose -5*p - 2*a = -5*a - 26, 2*p + 4*a = 26. Suppose 3*m - 3*i - 120 = 0, 3*m = p*m + 4*i - 144. List the prime factors of m.
2, 19
Suppose 4*l + 5 = -19. Let a = 14 + l. List the prime factors of (-3)/(-2)*a/3.
2
Suppose -4*j + k - 95 = 0, 5*k = 4*j + 13 + 78. Let i = j + 37. List the prime factors of i.
13
Let x(y) = 97*y**2 + 4*y - 3. List the prime factors of x(1).
2, 7
Let k(p) = -p**2 - 13*p + 3. What are the prime factors of k(-9)?
3, 13
Let r(o) be the second derivative of -8*o**3/3 + o. Let v be r(-1). Suppose 0 = 5*g - 14 - v. List the prime factors of g.
2, 3
Suppose 0*k = 4*k. Suppose 5*g - 10 = k, -3*a + g - 6*g + 22 = 0. Suppose 2*n - a = n. What are the prime factors of n?
2
Suppose 0*r - 4*r + 836 = 0. List the prime factors of r.
11, 19
Suppose 217 + 41 = 2*r. Suppose 0 = -3*l - 0*l + r. List the prime factors of l.
43
Let t(q) be the first derivative of q**2/2 + 4*q - 3. List the prime factors of t(5).
3
Let b = 4 + -2. Suppose q - 5*s + 76 = 3*q, 0 = 2*q - b*s - 48. List the prime factors of q.
2, 7
Suppose 3*p - 83 = 10. Let z(o) = -o**3 + 6*o**2 + 4*o + 1. Let r be z(7). Let a = p + r. What are the prime factors of a?
11
Let n(l) be the first derivative of -8*l**3/3 + l - 1. Let a be n(-1). Let i = -3 - a. List the prime factors of i.
2
Let f = 24 - 12. Let u = f + -6. What are the prime factors of u?
2, 3
Suppose -3 = 3*x - 57. List the prime factors of x.
2, 3
Let c = -213 + 449. List the prime factors of c.
2, 59
Suppose 6*j + 16 = 4*j. Let f(i) = i**2 + 9*i + 10. List the prime factors of f(j).
2
Let n(g) = 18*g + 11 + g**2 + 24*g - 51*g. Let k(b) = -b**3 + 6*b**2 - 4*b + 3. Let t be k(5). What are the prime factors of n(t)?
3
Let n(c) = -3*c - 7. Let w be n(-5). Suppose 8 = 4*g - w. List the prime factors of g.
2
Let r = 2 - 2. Suppose r*h = -5*h + 10. Suppose 5*d + 25 = h*y, 5*y - 4*d + d - 34 = 0. What are the prime factors of y?
5
Let y(k) = -4*k**3 + k**2 + 2*k - 1. Let n(t) be the third derivative of -t**4/24 - 2*t**2. Let p(l) = 2*n(l) + y(l). What are the prime factors of p(-1)?
2
Suppose -p + 12 = -5*m, -3*p + 3*m = m - 10. Let h be 89/4 + (-3)/12. Suppose 0 = -2*k + 4*l + h, 47 = 4*k + p*l - 7*l. What are the prime factors of k?
13
Let d = 32 - -3. Suppose -2*l = l + 69. Let h = d + l. What are the prime factors of h?
2, 3
Let q(z) = 4*z**2 - 2*z + 2*z. Let y be -2 - ((-1 - 1) + 1). List the prime factors of q(y).
2
Let n be (7 - 2) + (2 - 1). Let c = 7 + n. What are the prime factors of 1 + (-1 - c*-1)?
13
Suppose -6 - 15 = -k. List the prime factors of k.
3, 7
Let r(m) = -m**2 + 5*m + 2. Let c be r(5). Suppose 0 = 2*n - 4*u - 12, 3*n - 39 = -3*u + c*u. List the prime factors of n.
2, 3
Suppose -2*v = 3*r - 136, 0 = -5*r - 5*v - 128 + 358. Suppose 0*u + u - r = 0. Suppose 3*t + t - u = 0. List the prime factors of t.
11
Let g = -130 - -248. List the prime factors of g.
2, 59
Let t = 23 + -17. Suppose -t*f = -3*f - 36. What are the prime factors of f?
2, 3
Let l(f) = f + 2. Let q be l(8). Suppose -4*h + q = h. Suppose 3*g - h = 4. What are the prime factors of g?
2
Suppose 0 = 2*m - 43 - 23. What are the prime factors of m?
3, 11
Suppose 15 = 4*b - 3*b. Let s = b + 26. List the prime factors of s.
41
Let c(b) = 3*b - 8. Let g be (4 + 0)/(5/20). List the prime factors of c(g).
2, 5
Let i(f) = -5*f + 1. Let h be i(-3). Suppose 3*o - 41 - h = -3*r, 0 = -4*r + 5*o + 85. List the prime factors of r.
2, 5
Let i(j) = 3 - 7*j - 2*j + j + 6. What are the prime factors of i(-6)?
3, 19
List the prime factors of (-3)/2*(-52)/6.
13
Suppose 0 = q - 3 - 51. List the prime factors of q.
2, 3
Suppose -3*h + 87 = -3*q, -q - 3*q + 16 = 0. What are the prime factors of h?
3, 11
Let g be (-508)/(-18) - (-14)/(-63). Let v = g + 1. List the prime factors of v.
29
Let p = -2 + 5. Suppose -p - 72 = -3*m. Let j = -15 + m. List the prime factors of j.
2, 5
Let f(d) = d**3 + 9*d**2 - 12*d - 2. What are the prime factors of f(-10)?
2, 3
Suppose -q = h + q - 9, -4*q - 24 = -4*h. Let c = h + -4. Suppose c*d - 4*r - 20 = 0, -d + 0*d - 3*r = -11. What are the prime factors of d?
2
Suppose 2*k + a = -5, -4*a = 2*k - 8*a. Let w(u) = u**3 + 5*u**2 + 4*u - 4. Let m be w(-4). Let y = k - m. List the prime factors of y.
2
Let y(t) = 3*t**2 - 5*t + 3. Let v(i) = i**3 + 3*i**2 - 5*i + 3. Let l(u) = 2*v(u) - 3*y(u). What are the prime factors of l(3)?
3, 13
What are the prime factors of ((-42)/9)/((-10)/15)?
7
What are the prime factors of 3 + 35 + -1 + 0?
37
Suppose -p + 5*p - 72 = 0. Suppose -2*t - p = -74. Suppose 5*y - 7 = t. What are the prime factors of y?
7
List the prime factors of (-6)/(-21) + 52/14.
2
Let w(k) = 3*k**2 + 4*k + 3. Let p be ((-5)/(-15))/(1/(-9)). Let y be w(p). Let x = y - 7. What are the prime factors of x?
11
Let c be (-2)/(-1) - (24 + -1). Let g = 32 + c. What are the prime factors of g?
11
What are the prime factors of (-7)/14*38*-2?
2, 19
Suppose 97 = 4*z - 147. Let d = z + -14. Let c = d - 25. List the prime factors of c.
2, 11
Suppose 2*w + 0*w = 0. Suppose w = 2*f - 25 + 9. What are the prime factors of f?
2
Suppose -65 = -5*s + 25. Suppose q + 6 = -s. Let r = q - -37. What are the prime factors of r?
13
Suppose 0 = 4*c - 5*v - 29, -2*v + 5*v - 21 = -4*c. What are the prime factors of (-15)/2*(-4)/c?
5
Suppose 4*c - v - 36 = -0*c, 0 = -2*c + 5*v. Let i = -5 + c. What are the prime factors of (i/1)/(0 - -1)?
5
Let u(f) = 3*f**3 - 2*f**3 - 2*f**3 + 7*f**2 + 9*f. What are the prime factors of u(8)?
2
Let h(j) = j + 9 - j**2 + 3*j**3 + 4 - 2*j**3 - 2*j. List the prime factors of h(0).
13
Suppose -127 = 2*f - 313. List the prime factors of f.
3, 31
Let p(v) = -41*v**3 + v**2 - 1. What are the prime factors of p(-1)?
41
What are the prime factors of (-14)/(-7) - (-238)/((-4)/(-2))?
11
Let b(f) = 18*f - 23. List the prime factors of b(5).
67
Suppose -2*v - 14 = -3*v. Suppose c = -c + v. List the prime factors of c.
7
Let p be 3*(-1 + (-5)/(-3)). Suppose -p*h + 106 = -0*h. List the prime factors of h.
53
Let a be 5 + (0 - 3) - -23. Let f = a - 4. List the prime factors of f.
3, 7
Suppose 4*h + o - 7 = 0, h + 0*o - 2*o = 4. List the prime factors of 10*(h + -1) - -2.
2, 3
Suppose 5*h + 9 = 19. Let u(o) = 3*o**3 - 2*o**2 + o + 4. List the prime factors of u(h).
2, 11
Suppose 2*n = -5*w + 103, -3*n + 64 - 25 = 2*w. Suppose -w = -z - 2*z. What are the prime factors of z?
7
Let c = 5 + -6. Let o = 17 + c. List the prime factors of o.
2
Let w(g) = g**2 - 8*g - 7. Suppose 0 = -2*s - i + 2*i + 21, s - 2*i = 12. What are the prime factors of w(s)?
13
Suppose 3*m - 1 = 4*m. What are the prime factors of m*(-4)/12*30?
2, 5
Suppose 9*a + 554 = 11*a. What are the prime factors of a?
277
Let p = 153 - 76. List the prime factors of p.
7, 11
Let i be (0 + 2)/(3/6). Suppose -i*w + x + 4 = -x, -4*x = -w - 13. List the prime factors of w/(-2)*64/(-6).
2
Suppose 3*z = -107 + 20. Let p = 60 + z. List the prime factors of p.
31
Let t(j) = -j + 15. Let o be t(9). Suppose -3*l + o*l - 21 = 0. List the prime facto